se 6?
-101
Convert 10 (base 14) to base 10.
14
Convert 140 (base 14) to base 4.
3330
Convert -17 (base 10) to base 13.
-14
3 (base 7) to base 12
3
2 (base 5) to base 8
2
What is -100 (base 4) in base 5?
-31
Convert 195 (base 11) to base 3.
22100
-91 (base 16) to base 8
-221
29 (base 11) to base 15
21
Convert 4 (base 11) to base 4.
10
1 (base 2) to base 7
1
Convert 24 (base 5) to base 14.
10
-48 (base 14) to base 11
-59
Convert -101100 (base 2) to base 5.
-134
Convert 23 (base 9) to base 15.
16
What is -130 (base 4) in base 6?
-44
What is 1 (base 4) in base 5?
1
Convert 146 (base 16) to base 11.
277
What is -23 (base 9) in base 5?
-41
Convert -11101 (base 2) to base 9.
-32
What is c (base 16) in base 3?
110
-1 (base 4) to base 7
-1
Convert -203 (base 7) to base 2.
-1100101
What is -15 (base 6) in base 2?
-1011
Convert -15 (base 6) to base 2.
-1011
-1000 (base 2) to base 11
-8
Convert -25 (base 11) to base 3.
-1000
-11 (base 4) to base 15
-5
What is -c4 (base 16) in base 11?
-169
3 (base 4) to base 14
3
Convert 20 (base 4) to base 6.
12
Convert 4 (base 6) to base 12.
4
Convert 6 (base 16) to base 5.
11
What is 57 (base 8) in base 10?
47
What is 3 (base 13) in base 8?
3
Convert 15 (base 14) to base 4.
103
-42 (base 12) to base 11
-46
What is 3b (base 16) in base 3?
2012
111 (base 2) to base 3
21
-13 (base 6) to base 5
-14
Convert 3 (base 4) to base 11.
3
What is -30 (base 5) in base 4?
-33
What is 113 (base 6) in base 4?
231
Convert 331 (base 5) to base 3.
10101
Convert 2000 (base 3) to base 16.
36
b5 (base 12) to base 16
89
Convert 20 (base 6) to base 11.
11
Convert -5 (base 14) to base 6.
-5
Convert -101 (base 2) to base 16.
-5
Convert -1010 (base 3) to base 13.
-24
Convert 43 (base 6) to base 13.
21
2 (base 16) to base 6
2
Convert -121 (base 5) to base 2.
-100100
Convert 9a (base 12) to base 9.
141
14 (base 10) to base 9
15
4 (base 5) to base 10
4
What is 2 (base 3) in base 14?
2
Convert 8 (base 16) to base 2.
1000
What is 3 (base 15) in base 13?
3
What is -2 (base 14) in base 6?
-2
-146 (base 8) to base 10
-102
-11 (base 4) to base 14
-5
-320 (base 6) to base 16
-78
What is -10 (base 5) in base 7?
-5
Convert 45 (base 11) to base 2.
110001
Convert 45 (base 11) to base 2.
110001
What is -30 (base 12) in base 14?
-28
100 (base 2) to base 16
4
Convert 103 (base 4) to base 12.
17
24 (base 13) to base 14
22
Convert 101 (base 2) to base 13.
5
What is -10 (base 2) in base 14?
-2
-2 (base 14) to base 9
-2
Convert 1100 (base 3) to base 10.
36
22 (base 7) to base 16
10
What is -51 (base 7) in base 10?
-36
-1a (base 14) to base 6
-40
What is 17 (base 12) in base 7?
25
Convert 7 (base 9) to base 12.
7
-66 (base 9) to base 15
-40
Convert 6 (base 7) to base 4.
12
-112 (base 3) to base 11
-13
Convert 66 (base 7) to base 15.
33
What is -50 (base 7) in base 16?
-23
What is -1 (base 11) in base 12?
-1
What is 49 (base 10) in base 3?
1211
60 (base 13) to base 15
53
What is -144 (base 10) in base 6?
-400
Convert -88 (base 13) to base 4.
-1300
-4 (base 5) to base 3
-11
10 (base 3) to base 15
3
What is 1c (base 16) in base 10?
28
What is -132 (base 5) in base 10?
-42
What is -110 (base 3) in base 9?
-13
Convert -131 (base 5) to base 6.
-105
Convert -10 (base 4) to base 15.
-4
What is 3 (base 10) in base 8?
3
What is 14 (base 7) in base 9?
12
Convert -163 (base 7) to base 6.
-234
What is -1110 (base 2) in base 16?
-e
What is -128 (base 11) in base 16?
-97
What is 11 (base 13) in base 6?
22
Convert 99 (base 11) to base 7.
213
Convert -13 (base 4) to base 15.
-7
What is 143 (base 11) in base 5?
1133
22002 (base 3) to base 4
3122
Convert b (base 15) to base 9.
12
Convert 64 (base 11) to base 10.
70
What is 1 (base 10) in base 14?
1
What is 20 (base 8) in base 5?
31
What is 1021 (base 3) in base 2?
100010
What is 11 (base 8) in base 12?
9
What is -1 (base 12) in base 15?
-1
3 (base 5) to base 3
10
Convert -353 (base 7) to base 6.
-505
Convert -2 (base 15) to base 9.
-2
What is -222 (base 3) in base 5?
-101
Convert -124 (base 9) to base 7.
-205
What is -11 (base 3) in base 8?
-4
What is -35 (base 8) in base 2?
-11101
23 (base 9) to base 8
25
7 (base 11) to base 4
13
Convert 11 (base 3) to base 6.
4
Convert 22 (base 13) to base 10.
28
Convert 26 (base 7) to base 15.
15
Convert 2 (base 9) to base 10.
2
What is 6 (base 13) in base 14?
6
Convert 332 (base 4) to base 2.
111110
d (base 15) to base 12
11
-1d (base 14) to base 16
-1b
What is -103 (base 4) in base 16?
-13
Convert -11 (base 3) to base 13.
-4
Convert -2 (base 4) to base 10.
-2
Convert -100100111 (base 2) to base 8.
-447
Convert -131 (base 4) to base 9.
-32
0 (base 8) to base 6
0
Convert 30 (base 11) to base 9.
36
Convert 7 (base 12) to base 16.
7
152 (base 14) to base 3
100221
Convert -14 (base 11) to base 14.
-11
-1 (base 12) to base 10
-1
Convert -2a (base 13) to base 4.
-210
Convert 11 (base 2) to base 12.
3
Convert -19 (base 16) to base 11.
-23
Convert -3 (base 11) to base 16.
-3
Convert 24 (base 16) to base 2.
100100
What is -11 (base 2) in base 7?
-3
What is 11 (base 2) in base 6?
3
3 (base 13) to base 16
3
Convert -2 (base 3) to base 8.
-2
4 (base 6) to base 12
4
What is 41 (base 16) in base 13?
50
What is -164 (base 7) in base 8?
-137
12d (base 15) to base 12
1a4
What is 124 (base 5) in base 14?
2b
What is -e (base 16) in base 11?
-13
Convert -10 (base 5) to base 15.
-5
What is 100110 (base 2) in base 6?
102
What is -12012 (base 3) in base 10?
-140
Convert -1 (base 9) to base 11.
-1
Convert -50 (base 14) to base 9.
-77
-7 (base 12) to base 8
-7
What is 2 (base 12) in base 5?
2
241 (base 8) to base 4
2201
-38 (base 16) to base 9
-62
-4 (base 5) to base 11
-4
What is 11 (base 4) in base 12?
5
Convert -2111 (base 3) to base 8.
-103
-1 (base 10) to base 6
-1
What is -23 (base 16) in base 9?
-38
What is 26 (base 7) in base 3?
202
What is 312 (base 4) in base 14?
3c
What is -13 (base 4) in base 6?
-11
What is 9 (base 16) in base 3?
100
What is 68 (base 11) in base 3?
2202
What is -10 (base 3) in base 4?
-3
Convert 87 (base 12) to base 10.
103
33 (base 11) to base 2
100100
What is 2 (base 5) in base 4?
2
What is -4 (base 14) in base 4?
-10
-24 (base 13) to base 6
-50
-6 (base 15) to base 3
-20
What is 4 (base 10) in base 3?
11
-1 (base 3) to base 4
-1
0 (base 14) to base 12
0
Convert 100 (base 2) to base 6.
4
What is 56 (base 14) in base 5?
301
Convert 70 (base 13) to base 4.
1123
Convert -15 (base 9) to base 13.
-11
What is -4 (base 5) in base 15?
-4
-2 (base 7) to base 12
-2
Convert 0 (base 14) to base 16.
0
What is -12 (base 3) in base 10?
-5
What is 1000 (base 2) in base 6?
12
What is -18 (base 10) in base 6?
-30
Convert 30 (base 16) to base 3.
1210
Convert 112 (base 10) to base 4.
1300
33 (base 4) to base 5
30
What is 1 (base 8) in base 4?
1
-121 (base 3) to base 8
-20
Convert -7 (base 8) to base 3.
-21
Convert 3 (base 8) to base 5.
3
-30 (base 5) to base 12
-13
What is -56 (base 11) in base 10?
-61
What is -11 (base 15) in base 8?
-20
44 (base 11) to base 8
60
-2 (base 7) to base 4
-2
-2 (base 12) to base 5
-2
Convert 1 (base 3) to base 9.
1
What is 273 (base 8) in base 6?
511
Convert -25 (base 10) to base 2.
-11001
What is -3 (base 7) in base 16?
-3
2 (base 8) to base 11
2
What is 63 (base 7) in base 16?
2d
Convert -4 (base 13) to base 9.
-4
What is -24 (base 6) in base 13?
-13
What is 2 (base 11) in base 13?
2
6 (base 16) to base 3
20
Convert -26 (base 9) to base 5.
-44
What is -4 (base 6) in base 13?
-4
a1 (base 16) to base 11
137
What is -3 (base 9) in base 11?
-3
-7a (base 13) to base 2
-1100101
Convert 7 (base 16) to base 14.
7
11 (base 12) to base 11
12
What is -4 (base 6) in base 5?
-4
-2 (base 11) to base 16
-2
Convert 0 (base 6) to base 2.
0
0 (base 7) to base 3
0
What is 4 (base 15) in base 12?
4
Convert 100002 (base 3) to base 4.
3311
Convert -5 (base 11) to base 4.
-11
Convert -13 (base 4) to base 12.
-7
Convert -241 (base 12) to base 15.
-177
What is -1 (base 6) in base 14?
-1
-1a (base 16) to base 5
-101
What is -10 (base 2) in base 6?
-2
Convert 1212 (base 3) to base 15.
35
What is -1111110 (base 2) in base 14?
-90
45 (base 11) to base 12
41
What is -c (base 16) in base 13?
-c
0 (base 15) to base 14
0
-d (base 15) to base 7
-16
-113 (base 7) to base 13
-47
What is -1111 (base 2) in base 